What is the greatest common factor of f and w?
18
Let n = -15 - -17. Let d be ((-1)/n)/((-30)/1320). Calculate the highest common factor of d and 110.
22
Suppose -95*b + 50416 = -16369. Calculate the greatest common factor of 19 and b.
19
Let c be (-190)/(-45) + (-10)/45. Let o be (-6)/c*((-5 - -7) + -14). Let p = 18 + 0. Calculate the highest common factor of p and o.
18
Let s be (21/28)/(3/216). Suppose -s = -11*f + 8*f. Calculate the highest common factor of f and 9.
9
Suppose 5*r - 2*m - 25 = 0, 3*r - m - 16 + 0 = 0. Suppose 962 = r*i + 129. Calculate the highest common divisor of 17 and i.
17
Suppose -2*t - 20 = -j + 44, -3*j - 32 = t. Let v be -2*(-6)/(-6) - (0 + t). Calculate the highest common divisor of 150 and v.
30
Suppose -3*h - 1599 = -1614. Let s(n) = -n**3 - 3*n**2 + 2*n - 3. Let w be s(-4). Calculate the greatest common factor of w and h.
5
Let i(b) = -2*b**2 - 12*b + 17. Let q be i(-7). Suppose r = -q*z + 2*z + 66, -4*z = -4*r + 248. Calculate the greatest common divisor of 8 and r.
8
Let u(z) = -z**3 + 8*z**2 + 9*z + 4. Let p be u(9). Suppose 0 = p*f - 9*f + 10. Suppose -4*c + f*c = -4. Calculate the highest common divisor of c and 4.
2
Let z be -99*8/(-36)*3. Let g = -298 - -331. Calculate the highest common factor of z and g.
33
Let h be 2 + 0 + (-8 - -10). Suppose h*z - 838 = 2*z. Suppose o - z = -2*w, -o + 5 = 4*o. Calculate the greatest common divisor of 19 and w.
19
Let o(q) = -2*q**2 - 16*q + 19. Let m be o(-9). Let z be 18 - (3 - m - 4). Calculate the greatest common divisor of z and 30.
10
Let x be -1*(-1 - ((1 - -1) + 8)). Suppose 4*p = 3*p + x. Calculate the greatest common divisor of p and 11.
11
Suppose -r - 40 = -5*l, -3*l + 32 = l + r. Suppose -3*s - 39 = 3*q, -s - 32 = s + 5*q. Let u be 65 + s - 2/(-1). Calculate the highest common factor of l and u.
8
Let s be 3*843/36 - (-1)/(-4). What is the highest common factor of 40 and s?
10
Let c = -59 - 18. Let d = c + 113. Calculate the highest common divisor of d and 144.
36
Suppose -4161 = -19*f - 0*f. Suppose -216 = -2*u - 3*q + 5, 5*q - f = -2*u. What is the greatest common divisor of u and 14?
14
Let y = 30 - 26. Suppose -9*h - y + 211 = 0. Calculate the greatest common factor of 184 and h.
23
Let v(z) = 4*z**2 + 4*z + 3. Let t be (-2)/10 - 81/45. Let q = -2 + t. Let s be v(q). Calculate the greatest common factor of 17 and s.
17
Suppose 14 = 5*f - 16. Suppose 0 = -7*t + f*t + 45. What is the greatest common factor of 18 and t?
9
Suppose -56 - 168 = -14*a. What is the highest common factor of 496 and a?
16
Suppose 2*g + 3*l + 2816 = 2896, 0 = 5*l - 20. Suppose -v - 3*y + 132 = 30, 0 = -y. What is the highest common factor of g and v?
34
Let p = -980 - -1175. What is the highest common factor of 30 and p?
15
Let z(h) = 10*h**2 - 58*h + 301. Let v be z(5). What is the highest common divisor of 319 and v?
29
Let u be (-20)/(-28)*(17 + -3). Calculate the greatest common divisor of u and 1130.
10
Let g = 25 - 21. Suppose -2*x + 88 = 4*y - 5*x, g*y + 4*x - 60 = 0. Calculate the highest common divisor of y and 133.
19
Let b be 1 + ((-4)/(-8))/((-2)/(-312)). Suppose 28 = -4*w + 4*n + 112, -4*w + b = n. What is the highest common factor of w and 100?
20
Let u(j) = -j**3 + 4*j**2 - 3*j - 2. Let y be u(5). Let b = -32 - y. What is the highest common factor of b and 90?
10
Suppose -3*y + 23 = -0*b - 2*b, -5*b = 4*y - 46. Let w(h) = 11*h - 202. Let a be w(20). What is the highest common divisor of a and y?
9
Let k(d) = -d + 9. Let g(z) = 4*z - 5. Let m be g(3). Let p be k(m). Calculate the greatest common factor of p and 1.
1
Let y = -1 + 31. Suppose -r = -8*r + 42. Calculate the highest common divisor of y and r.
6
Suppose -95*x - 400 = -97*x. Calculate the highest common factor of x and 110.
10
Let x(d) = -3*d + 2. Suppose -t + 0 = 1. Let k be x(t). Suppose -4*b + 62 = 4*y - 82, 0 = -y + 4*b + 31. Calculate the highest common divisor of k and y.
5
Suppose 91*l = 167*l - 7600. Let f be 10*3*(-2)/(-3). Calculate the highest common divisor of f and l.
20
Suppose 5*f + 5*q = 775, -2*f - 4*q + 103 + 197 = 0. Suppose 0 = 3*w - 2*h - 50, 5*w - 80 = -3*h + 35. Calculate the greatest common divisor of f and w.
20
Let q(z) = -7*z + 25. Let s be q(-11). Suppose -x + 3*x = 68. What is the greatest common divisor of x and s?
34
Let d be 145/3 - 1/3. Let u(m) = m**3 - 15*m**2 + 3*m - 29. Let v be ((-18)/(-12))/(2/20). Let j be u(v). What is the highest common divisor of d and j?
16
Let i(o) = o**3 - 8*o**2 - 8*o - 8. Let c be i(9). Let x = c - 17. Let q = 34 + x. What is the highest common divisor of q and 72?
18
Let h be ((-63)/12)/((-1)/4). Suppose 2*u + 700 = 6*u. Let g = u + 14. What is the greatest common factor of h and g?
21
Let t be ((-4)/3)/(2/(-3)). Let q be 2/(t/1) + -3. Let p be (-282)/(-8) + q/8. What is the greatest common factor of p and 7?
7
Let j = -814 - -999. What is the greatest common divisor of j and 10?
5
Let q = 1010 + -620. Calculate the greatest common divisor of q and 30.
30
Let z be ((-198)/24)/(-11)*-4 - -12. What is the highest common divisor of 1926 and z?
9
Suppose 2*m = 3*j + 4*m - 15, 0 = 2*m. Let h be 143/7 + (j - 186/42). Calculate the highest common factor of 12 and h.
3
Let o be 3*1*(0 - -20). Suppose 83*m - 85*m = -22. Let v(j) = 3*j - 9. Let u be v(m). What is the highest common factor of o and u?
12
Suppose 4*d - 15*d = -528. Suppose 2*o = -o + d. What is the highest common divisor of 12 and o?
4
Let f be 0 + 2 + (-1490)/(-5). Calculate the greatest common divisor of 10 and f.
10
Let n be (-6)/(-9) + 1/3. Let v be (-2 - -25)*n - -1. Calculate the greatest common factor of v and 3.
3
Suppose 3*f - c = 4383 - 163, -4*c - 1392 = -f. What is the highest common factor of 44 and f?
44
Let a be 80/(-24)*-1*288. Calculate the greatest common divisor of 600 and a.
120
Let d = -40 - -25. Let x be (-10)/d - 22/(-3). Suppose -3*p - 76 = -2*s, s = -5*p - 6 + 18. Calculate the greatest common divisor of x and s.
8
Suppose -16*v = -724 + 52. What is the greatest common factor of 6 and v?
6
Let r = -6 + 32. Suppose 7*h = 247 + r. Calculate the greatest common divisor of h and 273.
39
Suppose d - 3*d + 11*d = 9. Suppose 6*a - 3*a = -w + 5, 8 = 4*a + w. Suppose -a = -l - 1. Calculate the greatest common factor of d and l.
1
Let i(p) = p**3 + 47*p**2 + 93*p + 167. Let a be i(-45). Calculate the greatest common factor of 632 and a.
8
Suppose -20*j = -24*j - 8, x - 130 = 2*j. What is the highest common divisor of 56 and x?
14
Suppose 4*k + 5 = -3*h + 4, -h + 2*k + 13 = 0. Suppose -5*j + 385 = h*g, -3*g + 134 = -g - 2*j. Calculate the greatest common factor of 18 and g.
18
Suppose 0*v - 4*u = -2*v + 442, 3*u = 3*v - 669. What is the highest common factor of 325 and v?
25
Suppose -u + 10 = -2*u. Let i(z) = -z**3 - 10*z**2 - 9*z - 15. Let l be i(u). What is the highest common divisor of 15 and l?
15
Suppose -m + 4 + 52 = 2*p, -200 = -4*m - 2*p. Let d be 48/10*(22/4 + -3). Calculate the highest common divisor of m and d.
12
Let d(p) = p + 10. Let f be d(-3). Suppose 2*y = f + 11. Let l(i) = -i**3 + 5*i**2 + 3*i - 1. Let k be l(4). Calculate the greatest common divisor of k and y.
9
Let v = 988 - 969. Calculate the highest common factor of 1862 and v.
19
Suppose -10*f - 176 = -14*f. Suppose 3*u + f = -10. Let x = 36 - u. What is the greatest common factor of 6 and x?
6
Suppose -2*r - 3 = u + 8, r = 4*u + 17. Let a be (r/3)/((-2)/16). Calculate the greatest common factor of 24 and a.
8
Let h = 58 - 54. Let j be (-546)/(-45) - h/30. Calculate the greatest common factor of j and 12.
12
Suppose 3*j - 69 = 5*q, 5*q + 115 = 2*j + 3*j. Suppose j*o - 29*o = -690. What is the highest common factor of o and 46?
23
Let h(k) = -2*k + 12. Suppose -5*p = -2*r + 15, -r = 3*p - 8*p - 15. Let w be h(r). Calculate the greatest common divisor of 84 and w.
12
Suppose 0 = 13*p - 600 - 76. What is the greatest common factor of 39 and p?
13
Let f be 18/(-12) + (-34)/(-4). Suppose -3*h = f - 22. Let j be (20*h)/5 + 0. Calculate the greatest common factor of j and 10.
10
Let h = -148 - -225. Calculate the greatest common divisor of 7 and h.
7
Suppose 8*t - 149 = 155. Calculate the highest common factor of t and 950.
38
Suppose -22*b + 20*b - 62 = 0. Let p = b - -87. Calculate the highest com